29 a factor of 1305?
True
Is 598 a multiple of 26?
True
Is 2597 a multiple of 53?
True
Does 9 divide 11471?
False
Is 7 a factor of 394?
False
Does 42 divide 23016?
True
Is 37 a factor of 1110?
True
Does 12 divide 804?
True
Is 2912 a multiple of 91?
True
Is 222 a factor of 14430?
True
Does 26 divide 294?
False
Is 1636 a multiple of 122?
False
Is 25218 a multiple of 81?
False
Is 3772 a multiple of 49?
False
Is 27108 a multiple of 36?
True
Does 21 divide 1554?
True
Does 12 divide 1293?
False
Is 6 a factor of 223?
False
Is 12747 a multiple of 51?
False
Is 461 a multiple of 3?
False
Is 18 a factor of 918?
True
Does 84 divide 16808?
False
Is 9 a factor of 9718?
False
Is 15498 a multiple of 126?
True
Does 49 divide 1078?
True
Does 3 divide 631?
False
Does 92 divide 460?
True
Does 15 divide 6210?
True
Does 63 divide 1701?
True
Does 193 divide 12159?
True
Is 29522 a multiple of 53?
False
Is 2752 a multiple of 32?
True
Does 5 divide 277?
False
Is 14149 a multiple of 23?
False
Is 56 a factor of 3186?
False
Is 6696 a multiple of 93?
True
Is 583 a multiple of 53?
True
Is 5130 a multiple of 45?
True
Is 12 a factor of 780?
True
Does 123 divide 8940?
False
Is 10600 a multiple of 265?
True
Does 19 divide 16228?
False
Is 20 a factor of 260?
True
Is 3 a factor of 31156?
False
Does 28 divide 177612?
False
Is 3960 a multiple of 33?
True
Is 311 a multiple of 141?
False
Is 367 a factor of 53366?
False
Is 16 a factor of 11392?
True
Is 2585 a multiple of 70?
False
Is 179 a factor of 20227?
True
Is 38 a factor of 1498?
False
Is 12240 a multiple of 20?
True
Is 41478 a multiple of 124?
False
Is 1935 a multiple of 43?
True
Is 13200 a multiple of 49?
False
Does 16 divide 1808?
True
Is 147 a multiple of 9?
False
Is 82155 a multiple of 28?
False
Is 93060 a multiple of 33?
True
Is 8 a factor of 5633?
False
Is 630 a multiple of 30?
True
Does 6 divide 658?
False
Is 42 a factor of 19950?
True
Does 247 divide 6422?
True
Does 37 divide 252?
False
Is 111 a multiple of 26?
False
Is 21 a multiple of 3?
True
Does 16 divide 9374?
False
Is 56 a factor of 24808?
True
Is 348 a multiple of 13?
False
Is 16 a factor of 20672?
True
Does 144 divide 72720?
True
Is 82 a factor of 53874?
True
Is 20500 a multiple of 41?
True
Is 10 a factor of 34457?
False
Is 3150 a multiple of 9?
True
Is 8560 a multiple of 13?
False
Is 21954 a multiple of 37?
False
Is 3 a factor of 115?
False
Is 26466 a multiple of 25?
False
Does 100 divide 68626?
False
Does 4 divide 1064?
True
Is 50 a factor of 18800?
True
Is 30 a factor of 6546?
False
Is 361 a multiple of 19?
True
Is 5 a factor of 377?
False
Is 539 a multiple of 8?
False
Is 11 a factor of 11212?
False
Is 21400 a multiple of 67?
False
Is 41 a factor of 615?
True
Is 53740 a multiple of 8?
False
Is 4 a factor of 5351?
False
Is 1198 a multiple of 9?
False
Is 12043 a multiple of 14?
False
Does 7 divide 28081?
False
Is 92 a multiple of 26?
False
Is 1058 a multiple of 30?
False
Is 49 a factor of 6530?
False
Is 57 a factor of 1197?
True
Is 98116 a multiple of 38?
True
Does 22 divide 118?
False
Is 1242 a multiple of 23?
True
Does 9 divide 165?
False
Is 3 a factor of 3796?
False
Is 116 a multiple of 3?
False
Is 349 a multiple of 11?
False
Does 19 divide 1121?
True
Is 18 a factor of 1224?
True
Does 24 divide 20014?
False
Does 7 divide 919?
False
Is 31784 a multiple of 145?
False
Is 54372 a multiple of 276?
True
Is 2583 even?
False
Is 1283 a multiple of 21?
False
Does 206 divide 30537?
False
Does 14 divide 8834?
True
Does 46 divide 2346?
True
Is 4 a factor of 542?
False
Does 2 divide 12?
True
Does 10 divide 1070?
True
Is 3161 even?
False
Does 38 divide 2774?
True
Does 8 divide 56?
True
Does 94 divide 14326?
False
Does 177 divide 9912?
True
Is 35 a factor of 45566?
False
Is 71 a factor of 3274?
False
Is 180 a multiple of 17?
False
Is 1066 a multiple of 16?
False
Is 176 a multiple of 11?
True
Is 2561 a multiple of 36?
False
Is 165 a factor of 113092?
False
Is 13340 a multiple of 20?
True
Does 36 divide 3146?
False
Does 22 divide 132?
True
Is 208 a multiple of 16?
True
Is 93 a multiple of 4?
False
Is 23 a factor of 51681?
True
Is 123 a factor of 3198?
True
Is 3 a factor of 1191?
True
Is 1017 a multiple of 4?
False
Is 646 a multiple of 38?
True
Does 13 divide 507?
True
Is 931 a multiple of 19?
True
Is 20350 a multiple of 50?
True
Does 14 divide 56?
True
Does 31 divide 93186?
True
Does 8 divide 35424?
True
Is 837 a multiple of 9?
True
Does 26 divide 1976?
True
Does 157 divide 22608?
True
Is 1782 a multiple of 6?
True
Is 54 a factor of 1296?
True
Does 114 divide 5032?
False
Does 22 divide 4686?
True
Is 3632 a multiple of 16?
True
Is 60 a multiple of 14?
False
Does 210 divide 17105?
False
Is 4 a factor of 344?
True
Does 19 divide 19076?
True
Is 104 a multiple of 4?
True
Does 9 divide 6370?
False
Does 19 divide 58476?
False
Is 1102 a multiple of 57?
False
Is 684 a multiple of 19?
True
Is 102 a multiple of 6?
True
Is 2730 a multiple of 35?
True
Does 67 divide 7571?
True
Is 20 a factor of 1946?
False
Does 7 divide 448?
True
Is 182 a factor of 22386?
True
Does 476 divide 45696?
True
Is 1794 a multiple of 46?
True
Is 9 a factor of 4814?
False
Does 30 divide 57287?
False
Does 12 divide 4320?
True
Does 20 divide 427?
False
Does 118 divide 15509?
False
Is 8500 a multiple of 91?
False
Does 13 divide 1508?
True
Does 65 divide 1950?
True
Is 7 a factor of 1356?
False
Is 13 a factor of 143?
True
Is 35 a factor of 2555?
True
Is 11856 a multiple of 12?
True
Is 13 a factor of 203?
False
Does 53 divide 519?
False
Is 6132 a multiple of 28?
True
Is 17 a factor of 4195?
False
Does 42 divide 22202?
False
Is 1064 a multiple of 38?
True
Is 41860 a multiple of 70?
True
Is 11 a factor of 310?
False
Is 3 a factor of 288?
True
Is 13 a factor of 1326?
True
Does 12 divide 37642?
False
Is 14 a factor of 420?
True
Is 94 a factor of 5253?
False
Is 4 a factor of 37952?
True
Is 216 a multiple of 4?
True
Is 22 a factor of 3960?
True
Is 281 a multiple of 50?
False
Does 70 divide 761?
False
Is 15 a factor of 720?
True
Does 16 divide 335?
False
Is 10 a factor of 324?
False
Is 24 a factor of 1656?
True
Does 15 divide 2100?
True
Does 12 divide 629?
False
Is 6479 a multiple of 44?
False
Is 2413 a multiple of 4?
False
Does 79 divide 2138?
False
Is 7 a factor of 3563?
True
Does 8 divide 199?
False
Is 41944 a multiple of 154?
False
Is 10 a factor of 969?
False
Does 3 divide 330?
True
Is 2 a factor of 86?
True
Is 75 a multiple of 3?
True
Is 14 a factor of 1288?
True
Is 18 a factor of 360?
True
Is 4108 a multiple of 13?
True
Does 3 divide 2386?
False
Does 203 divide 13792?
False
Does 35 divide 1260?
True
Does 36 divide 805?
False
Is 4 a factor of 50?
False
Is 49 a factor of 1792?
False
Does 3 divide 175?
False
Does 13 divide 793?
True
Is 5710 a multiple of 7?
False
Is 2769 a multiple of 2?
False
Is 249 a multiple of 34?
False
Does 17 divide 544?
True
Does 7 divide 6272?
True
Is 10656 a multiple of 12?
True
Is 1065 a multiple of 55?
False
Is 12095 a multiple of 59?
True
Does 15 divide 14730?
True
Is 179 a multiple of 9?
False
Does 34 divide 3094?
True
Is 868 a multiple of 62?
True
Is 29 a factor of 116?
True
Is 7 a factor of 1287?
False
Does 10 divide 9659?
False
Does 189 divide 6382?
False
Does 72 divide 127728?
True
Is 593 a multiple of 93?
False
Is 858 a multiple of 33?
True
Is 13 a factor of 366?
False
Is 8 a factor of 72?
True
Is 2199 a multiple of 127?
False
Does 230 divide 38215?
False
Is 17 a factor of 7482?
False
Is 9 a factor of 54?
True
Is 2610 a multiple of 15?
True
Does 5 divide 191?
False
Is 5 a factor of 12268?
False
Does 9 divide 5470?
False
Does 82 divide 5002?
True
Is 1512 a multiple of 6?
True
Is 19 a factor of 3914?
True
Does 9 divide 3429?
True
Does 37 divide 934?
False
Does 14 divide 2212?
True
Is 270 a multiple of 34?
False
Is 56 a factor of 13496?
True
Does 6 divide 20673?
False
Is 17 a factor of 170?
True
Is 21 a factor of 1365?
True
Is 4445 a multiple of 7?
True
Is 62 a multiple of 17?
False
Does 2 divide 375?
False
Is 37 a factor of 16718?
False
Is 341 a multiple of 6?
False
Is 25 a factor of 52?
False
Is 11 a factor of 13439?
False
Is 3 a factor of 9441?
True
Is 38 a factor of 912?
True
Is 709 a multiple of 2?
False
Is 1419 a multiple of 28?
False
Does 12 divide 3192?
True
Is 20 a factor of 37?